{"id":3576,"date":"2021-11-01T21:26:35","date_gmt":"2021-11-01T18:26:35","guid":{"rendered":"https:\/\/www.msaanaliz.com.tr\/m1\/?page_id=3576"},"modified":"2023-05-04T14:45:01","modified_gmt":"2023-05-04T11:45:01","slug":"kalite-politikamiz","status":"publish","type":"page","link":"https:\/\/www.msaanaliz.com.tr\/m1\/hakkimizda\/kalite-politikamiz\/","title":{"rendered":"Kalite Politikam\u0131z"},"content":{"rendered":"<section id=\"bt_bb_section69e6307980425\"  class=\"bt_bb_section bt_bb_top_spacing_large bt_bb_bottom_spacing_medium bt_bb_color_scheme_16 bt_bb_layout_boxed_1200 bt_bb_vertical_align_top\" ><div class=\"bt_bb_port\"><div class=\"bt_bb_cell\"><div class=\"bt_bb_cell_inner\"><div class=\"bt_bb_row \"  data-bt-override-class=\"{}\"><div class=\"bt_bb_row_holder\" ><div  class=\"bt_bb_column col-xxl-5 col-xl-5 bt_bb_vertical_align_top bt_bb_align_left bt_bb_padding_normal bt_bb_animation_fade_in animate\" style=\"; --column-width:5;\" data-width=\"5\" data-bt-override-class=\"{}\"><div class=\"bt_bb_column_content\"><div class=\"bt_bb_column_content_inner\"><div class=\"bt_bb_image bt_bb_shape_square bt_bb_align_inherit bt_bb_hover_style_simple bt_bb_content_display_always bt_bb_content_align_middle\" data-bt-override-class=\"{&quot;bt_bb_align_&quot;:{&quot;current_class&quot;:&quot;bt_bb_align_inherit&quot;,&quot;def&quot;:&quot;inherit&quot;,&quot;xl&quot;:&quot;inherit&quot;}}\"><span><img src = \"https:\/\/www.msaanaliz.com.tr\/m1\/wp-content\/plugins\/bold-page-builder\/img\/blank.gif\" data-full_image_src=\"https:\/\/www.msaanaliz.com.tr\/m1\/wp-content\/uploads\/2021\/11\/17025.png\" data-image_src=\"https:\/\/www.msaanaliz.com.tr\/m1\/wp-content\/uploads\/2021\/11\/17025.png\" title=\"17025\" alt=\"https:\/\/www.msaanaliz.com.tr\/m1\/wp-content\/uploads\/2021\/11\/17025.png\" class=\"btLazyLoadImage\"><\/span><\/div><div class=\"bt_bb_separator bt_bb_bottom_spacing_medium bt_bb_border_style_none bt_bb_border_color_none\"><\/div><\/div><\/div><\/div><div  class=\"bt_bb_column col-xxl-7 col-xl-7 bt_bb_vertical_align_middle bt_bb_align_left bt_bb_padding_40 bt_bb_animation_fade_in animate\" style=\"; --column-width:7;\" data-width=\"7\" data-bt-override-class=\"{}\"><div class=\"bt_bb_column_content\"><div class=\"bt_bb_column_content_inner\"><div class=\"bt_bb_testimonial bt_bb_text_size_large\"><div class=\"bt_bb_testimonial_text\"><span>MSA Laboratuvarlar Grubu b\u00fcnyesindeki t\u00fcm laboratuvarlar TS EN ISO\/IEC 17025 Kalite Y\u00f6netim Sistemine g\u00f6re akreditedir.<\/span><\/div><div class=\"bt_bb_testimonial_text_box\"><header class=\"bt_bb_headline bt_bb_subheadline bt_bb_size_medium btNoHeadline\" data-bt-override-class=\"{}\"><div class=\"bt_bb_headline_subheadline\">MSA Laboratuvarlar Grubu, halk sa\u011fl\u0131\u011f\u0131n\u0131 korumak ve iyile\u015ftirmek \u00fczere analiz, kontrol, vb. laboratuvar hizmetleri alanlar\u0131nda yasalarla belirlenen g\u00f6revlerini; TS EN ISO\/IEC 17025 Kalite Y\u00f6netim Sistemi temelinde, ilgili kalite sistem standartlar\u0131na uygun olarak; t\u00fcm m\u00fc\u015fterilerinin ve \u00e7al\u0131\u015fanlar\u0131n\u0131n beklentilerini kar\u015f\u0131lay\u0131p, memnuniyetini sa\u011flayacak \u015fekilde ger\u00e7ekle\u015ftirir.<\/p><br \/>\n<p>MSA, sundu\u011fu kaliteli hizmet anlay\u0131\u015f\u0131n\u0131, yeterlili\u011fini kan\u0131tlam\u0131\u015f personeli ile bilimsel ve teknolojik geli\u015fmeleri izleyerek, ulusal\/uluslararas\u0131 kabul g\u00f6rm\u00fc\u015f g\u00fcncel standart metotlar\u0131 uygulayarak s\u00fcrd\u00fcr\u00fcr.<\/p><br \/>\n<p>MSA Personeli, Kalite Y\u00f6netim Sistemi kapsam\u0131nda olu\u015fturulan dok\u00fcmanlar\u0131n\u0131 kullanarak tarafs\u0131zl\u0131k, gizlilik, ba\u011f\u0131ms\u0131z karar verme ve do\u011fruluk ilkelerine ba\u011fl\u0131 \u00e7al\u0131\u015f\u0131r.<\/p><br \/>\n<p>MSA \u00dcst y\u00f6netimi, kaliteli hizmet sunumu i\u00e7in gerekli mali, teknolojik ve insan kayna\u011f\u0131n\u0131 sa\u011flamay\u0131, kalite y\u00f6netim sistem standartlar\u0131 gereklerine uymay\u0131 ve etkinli\u011fini s\u00fcrekli iyile\u015ftirmeyi taahh\u00fct eder.<\/div><\/header><\/div><\/div><div class=\"bt_bb_separator bt_bb_bottom_spacing_small bt_bb_border_style_none bt_bb_border_color_none\"><\/div><header class=\"bt_bb_headline bt_bb_dash_none bt_bb_subheadline bt_bb_size_small bt_bb_align_inherit\" data-bt-override-class=\"{&quot;bt_bb_align_&quot;:{&quot;current_class&quot;:&quot;bt_bb_align_inherit&quot;,&quot;def&quot;:&quot;inherit&quot;,&quot;xl&quot;:&quot;inherit&quot;}}\"><h4 class=\"bt_bb_headline_tag\"><span class=\"bt_bb_headline_content\"><span>Mustafa AKAR<\/span><\/span><\/h4><div class=\"bt_bb_headline_subheadline\">Genel M\u00fcd\u00fcr<\/div><\/header><div class=\"bt_bb_image bt_bb_shape_square bt_bb_align_inherit bt_bb_hover_style_simple bt_bb_content_display_always bt_bb_content_align_middle\" data-bt-override-class=\"{&quot;bt_bb_align_&quot;:{&quot;current_class&quot;:&quot;bt_bb_align_inherit&quot;,&quot;def&quot;:&quot;inherit&quot;,&quot;xl&quot;:&quot;inherit&quot;}}\"><span><img src = \"https:\/\/www.msaanaliz.com.tr\/m1\/wp-content\/plugins\/bold-page-builder\/img\/blank.gif\" data-full_image_src=\"https:\/\/www.msaanaliz.com.tr\/m1\/wp-content\/uploads\/2023\/05\/makarimza-1.png\" data-image_src=\"https:\/\/www.msaanaliz.com.tr\/m1\/wp-content\/uploads\/2023\/05\/makarimza-1-160x160.png\" title=\"makarimza\" alt=\"https:\/\/www.msaanaliz.com.tr\/m1\/wp-content\/uploads\/2023\/05\/makarimza-1-160x160.png\" class=\"btLazyLoadImage\"><\/span><\/div><div class=\"bt_bb_separator bt_bb_bottom_spacing_medium bt_bb_border_style_none\"><\/div><\/div><\/div><\/div><\/div><\/div><\/div><\/div><\/div><\/section>\n","protected":false},"excerpt":{"rendered":"","protected":false},"author":1,"featured_media":0,"parent":11,"menu_order":0,"comment_status":"closed","ping_status":"closed","template":"","meta":{"footnotes":""},"class_list":["post-3576","page","type-page","status-publish","hentry"],"_links":{"self":[{"href":"https:\/\/www.msaanaliz.com.tr\/m1\/wp-json\/wp\/v2\/pages\/3576","targetHints":{"allow":["GET"]}}],"collection":[{"href":"https:\/\/www.msaanaliz.com.tr\/m1\/wp-json\/wp\/v2\/pages"}],"about":[{"href":"https:\/\/www.msaanaliz.com.tr\/m1\/wp-json\/wp\/v2\/types\/page"}],"author":[{"embeddable":true,"href":"https:\/\/www.msaanaliz.com.tr\/m1\/wp-json\/wp\/v2\/users\/1"}],"replies":[{"embeddable":true,"href":"https:\/\/www.msaanaliz.com.tr\/m1\/wp-json\/wp\/v2\/comments?post=3576"}],"version-history":[{"count":4,"href":"https:\/\/www.msaanaliz.com.tr\/m1\/wp-json\/wp\/v2\/pages\/3576\/revisions"}],"predecessor-version":[{"id":3838,"href":"https:\/\/www.msaanaliz.com.tr\/m1\/wp-json\/wp\/v2\/pages\/3576\/revisions\/3838"}],"up":[{"embeddable":true,"href":"https:\/\/www.msaanaliz.com.tr\/m1\/wp-json\/wp\/v2\/pages\/11"}],"wp:attachment":[{"href":"https:\/\/www.msaanaliz.com.tr\/m1\/wp-json\/wp\/v2\/media?parent=3576"}],"curies":[{"name":"wp","href":"https:\/\/api.w.org\/{rel}","templated":true}]}}